e?
True
Let l(k) = -k**3 - 8*k**2 + 5*k + 4. Let j be l(-7). Let t = -78 - j. Suppose -t*x + 975 = -y - 195, -3*y + 1186 = 2*x. Is x a composite number?
False
Let b be (40/(-18))/10 - (-688)/18. Is ((156 - 4) + 6)/(4/b) a composite number?
True
Let r(q) = -6188*q - 269. Is r(-12) a composite number?
True
Is 16 - -104812*(-42)/(-24) a prime number?
True
Let u = -45041 - -26579. Let v = u - -56332. Suppose -8*j + v = 6*j. Is j a prime number?
False
Suppose 0 = -2*g + 50. Let k be ((-2170)/g)/(-2) - 4/10. Suppose 3*b - 5*l - 71 = 0, 5*b - 5*l - 72 = k. Is b prime?
False
Suppose 5*k - 4*k = q - 15508, 7*k - 15516 = -q. Is q a prime number?
False
Suppose -3*l - 7 = -16. Suppose -l*y + 2*j + 350 = 0, 2*y - 2*j - 36 = 194. Let z = 493 - y. Is z composite?
False
Let m be 138/(-12)*1 - (-3)/6. Is (9 - (-4 - m))*7174/4 prime?
False
Let u(j) = -131*j - 69*j - 41*j + 11. Suppose -84*n + 4*n - 672 = 4*n. Is u(n) a composite number?
True
Let u = 11 - -9. Suppose f - 2*x - u = -0*x, 0 = 3*x - 15. Suppose 24*y + 14514 = f*y. Is y prime?
False
Suppose -13233 = -4*c - 5*i + 746, 5*c - 3*i = 17483. Let y = -1270 + c. Let l = y + -1283. Is l a prime number?
False
Is 74/(-2)*-3919 - (-812)/203 prime?
True
Let k = 134 - 126. Suppose -9*r + k*r = -1259. Is r composite?
False
Suppose -p + 0*p = 0. Suppose g - 12*g - g = p. Is (1 - g)/((42/889)/6) prime?
True
Let g = 2945 - 1686. Is g a composite number?
False
Let r(w) = 45*w + 104. Let a be r(-27). Let u = a - -1778. Is u prime?
False
Let i = 55 + -82. Let x = i + 29. Suppose 5*l = 2*j - 810 - 699, 5*j - 3845 = -x*l. Is j a composite number?
True
Is ((-3456225)/(-10) + 5 + -1)/((-2)/(-4)) composite?
True
Let t = 122568 + 13565. Is t prime?
True
Let p(r) = -31*r**3 - 3*r**2 + 6*r + 2. Let c be p(-7). Suppose c + 1485 = 3*g. Is g a composite number?
True
Suppose -3*q + 4*j = -7*q + 32, q = -4*j + 5. Is (17/3)/(2/1242*q) composite?
True
Suppose 5*u + 0*u - 5 = 0. Let f(q) = -4 - 352*q**2 + 2*q + 0 + 360*q**2 + u. Is f(2) composite?
True
Is -764111*4*(6/(-30))/(44/55) a prime number?
True
Let v(q) = 41562*q - 1081. Is v(2) a composite number?
True
Let a = -233472 - -889249. Is a prime?
False
Suppose 23 = 2*k + 3. Suppose -1004 = -k*o + 796. Let x = o - -19. Is x prime?
True
Suppose -4*v - 5*r = -1002, 0 = 2*r - 6 + 2. Let h(q) = 334*q + v*q + 504*q - 76*q - 1. Is h(1) a prime number?
True
Let r = 2671 - 6099. Let q = -1743 - r. Is q prime?
False
Let g = 154901 - 91105. Suppose 2*q = o - 32247, -5*q - 16826 = -4*o + g. Is q/(-18) - 2/3 composite?
True
Suppose -773*c + 759*c = -316582. Is c prime?
True
Let a(o) = 270*o + 166*o + 13 - 15 + 19 + 72. Is a(6) prime?
False
Is -5 + ((-274064)/8)/(-1) a composite number?
False
Suppose 9281 = 16*k - 9423. Is k a composite number?
True
Suppose 3*y = -2*l + 295325 + 127543, 0 = l + 4*y - 211419. Is l composite?
True
Let y(o) = -82*o**3 + o**2 + 2*o + 2. Let j = 65 + -145. Let q = j + 79. Is y(q) prime?
True
Let a(i) = 2807*i + 1350. Is a(13) composite?
True
Let u be -7 - (-9)/((-9)/(-4)). Let q be (u/(-9)*-3)/(2/4). Is 21/6 + q - (-22)/4 a prime number?
True
Suppose 20*d - 10923 = 55277. Let g = -4 - -3. Is g/(15/75 + (-672)/d) a composite number?
False
Suppose 4*p - 8*p = -5*x + 201468, -4*x + 161178 = -2*p. Let c = x + -24509. Is c prime?
True
Let s = 18116 - 3610. Let q = -10247 + s. Is q composite?
False
Suppose -9*t + 209337 = 14*t - 2394424. Is t prime?
False
Let j(n) = -34*n - 9. Let v = 44 + -29. Let o(x) = -2*x + 20. Let i be o(v). Is j(i) a prime number?
True
Suppose -4*c = -3*z + 63513, z + 13*c = 16*c + 21161. Is z composite?
False
Let z be 1/((-1)/(-5)) - (-3 + -3130). Suppose 0 = -c + 389 + z. Is c prime?
True
Let c(k) = -16*k**2 + 2*k**2 - k**3 - 30*k - 5 + 0*k**2 + 12*k**2 + 6*k**2. Is c(-14) prime?
True
Let y be (-141025)/35 - 4/(-14). Let z = y - -8626. Is z composite?
False
Let v(p) = 18699*p**2 + 48*p + 50. Is v(-1) prime?
True
Suppose 0 = -l + 6*l + 2*v - 11, -5*l = 4*v - 7. Is 50826/l + (3 + -1 - 1) composite?
False
Suppose 31479 = -k + 5*k + 3*y, 5*y = 2*k - 15733. Let c = k + -3777. Suppose -2362 - c = -2*z. Is z composite?
True
Let k = 51042 + -17935. Is k a prime number?
True
Suppose 69 - 426 = -x. Let m be 4/(3/40*8 + 2/5). Suppose 3*g = 4*j + 867, -m*g + 799 = 2*j - x. Is g a composite number?
True
Let k be (-2*18/(-48))/(1/8). Let a be 409*-4*(-3)/k*-2. Let u = 2309 + a. Is u a prime number?
True
Suppose -763*k = -768*k + 106680. Suppose 0 = -4*v + 2*c + k, 48*v + 10670 = 50*v - 2*c. Is v a composite number?
False
Is ((-4)/14)/(-2) - (-149550)/(-210)*-76 a composite number?
True
Suppose -34806 = 3*w - 0*w - 4*v, 0 = -4*w + 5*v - 46408. Is (-21)/7 - 0 - w composite?
True
Is ((-48)/((-96)/(-6)))/(6/(-212414)) a prime number?
True
Let p(t) = -5*t**3 - 5*t**2 + 11. Let v(y) = 26*y**3 + 26*y**2 - y - 55. Let x(g) = 11*p(g) + 2*v(g). Is x(-4) prime?
True
Suppose -2*x + 7*t = 2*t + 12, -3*t + 20 = 2*x. Suppose -9808 = -18*i - 628. Suppose -i = -x*d + 4766. Is d a prime number?
True
Let w(i) = 233*i**2 - 1854*i + 311. Is w(-70) composite?
False
Suppose 0 = -9*d + 17 + 10. Suppose 26187 = 2*l + 2*l + n, -d*l + 19640 = n. Is l a prime number?
True
Suppose 120*c - 152*c + 4583648 = 0. Is c a prime number?
True
Let k(v) = -2*v**3 - 2*v**2 + 6*v + 26. Let q be k(-3). Suppose 2*f - q*s = -41*s + 25778, 0 = 4*s + 16. Is f a prime number?
False
Let l be 114/1 - (-30)/(-10 - 0). Suppose 177258 = -105*k + l*k. Is k a prime number?
False
Let b = -63578 - -101725. Is b composite?
True
Let c be (-2)/(-1) + (-10 - -11). Suppose 4*u = -t + 4, c*u - 2*t - 2 = -3*t. Suppose -132 - 1438 = -u*r. Is r a prime number?
False
Suppose -2*r + 18 = r - 3*x, -2*r + x = -8. Suppose 0 = r*p - 4*y - 478, -p = -4*p - 2*y + 677. Suppose d - 2*q - p = 0, -5*d + 5*q + 1210 = 80. Is d prime?
True
Suppose -5*b - 707 - 703 = 0. Let c = 865 + b. Is c composite?
True
Let j(y) = 420*y**2 - 11*y + 36. Is j(17) prime?
True
Let f(l) = 2*l + 339. Let w be (-7 - -58)/((-3)/2). Let u = -34 - w. Is f(u) a prime number?
False
Let k(z) = 41*z**2 + 23*z - 22. Let o(u) = -14*u**2 - 8*u + 7. Let n(c) = 6*k(c) + 17*o(c). Let d be n(4). Is d - (-4 + (4 - -2)) a composite number?
True
Suppose 2*w - 2*t - 257653 = -5*t, 3*t + 644164 = 5*w. Is w a composite number?
False
Let c = -294747 - -2108438. Is c a prime number?
False
Let y = -40984 + 101477. Is y composite?
False
Let u = 185 - 183. Suppose 0 = 5*y - 2*b - 52741, -y + u*b + 6805 = -3748. Is y a prime number?
False
Suppose -2*q + 6600 = o + 3*o, q + 2 = 0. Suppose -i = -x + 2466, 4*x - 11497 + o = -2*i. Is x a prime number?
False
Let z(f) = 5021*f + 383. Is z(6) a composite number?
False
Suppose 4*c = 3*y + 26572 - 764, -5*c - 5*y = -32225. Is c a prime number?
True
Let p(z) = 201*z**3 + 11*z**2 - 8*z + 83. Let f be p(8). Let v = f - 21970. Is v prime?
False
Suppose 789*u - 781*u - 25048 = 0. Suppose -9*a + 2170 + u = 0. Is a composite?
True
Let y(w) = -1396*w**3 + 13*w**2 - 43*w - 143. Is y(-7) a composite number?
False
Suppose -4*q = 3*b + b + 152, -15 = -3*b. Let t = q - -139. Let k = t - 65. Is k a composite number?
False
Let b = 7137 - 3461. Suppose 11*d - b - 8787 = 0. Is d a composite number?
True
Let y = 77 + -77. Suppose y = -0*k + 4*k - 24. Is ((-12)/k)/(4/(-794)) a prime number?
True
Suppose 4*y - 349303 = -3*v, -3*y + 267 - 273 = 0. Is v prime?
True
Suppose -3*n + 18 = 0, -3*h - 2*n - 960327 + 3044394 = 0. Is h composite?
True
Let d = -85521 - -299083. Is d composite?
True
Let z(c) = -4*c + 11. Let b be z(2). Suppose k = b*y + 1861 - 215, -4923 = -3*k + 4*y. Is k prime?
True
Let z(w) = -8 + 3*w**3 - 2*w - 12 + 21 + 2*w**2. Let b be z(1). Suppose -2*m + 238 = -b*r, -4*m - 127 = -5*m + 4*r. Is m a composite number?
True
Let a(v) be the second derivative of -v**6/30 - v**5/15 - 3*v**3/2 - 16*v**2 + 13*v. Let j(z) be the first derivative of a(z). Is j(-5) a composite number?
True
Let i(r) = 11835*r**3 - 2*r**2 + r + 13. Is i(2) prime?
True
Suppose -5*n + 3*n = h - 4168, -h + 8336 = 4*n. Suppose -45*j = -44*j - 1185. Let s = n - j. Is s composite?
True
Suppose -4*x = -90*x + 1893118. Is x prime?
True
Let n(u) = 106*u**2 - 147. Is n(-13) a prime number?
False
Suppose 3*v - 11*l + 16*l - 3251 = 0, -2165 = -2*v - l. Suppose 3*h + 4277 = 2*p, p - 8509 = 